{"id":214,"date":"2024-04-23T10:30:20","date_gmt":"2024-04-23T08:30:20","guid":{"rendered":"https:\/\/www.seia-automatismes.fr\/?page_id=214"},"modified":"2024-06-10T17:13:59","modified_gmt":"2024-06-10T15:13:59","slug":"qui-sommes-nous","status":"publish","type":"page","link":"https:\/\/www.seia-automatismes.fr\/index.php\/qui-sommes-nous\/","title":{"rendered":"Qui sommes-nous ?"},"content":{"rendered":"\n<h2 class=\"wp-block-heading\">\u00c0 propos de nous<\/h2>\n\n\n\n<h3 class=\"wp-block-heading\">Notre identit\u00e9<\/h3>\n\n\n\n<p>Bienvenue chez SEIA, votre <strong><a href=\"https:\/\/www.seia-automatismes.fr\/index.php\/qui-sommes-nous\/\" data-type=\"page\" data-id=\"214\">partenaire de confiance<\/a><\/strong> dans le domaine des <strong><a href=\"https:\/\/www.seia-automatismes.fr\/index.php\/notre-expertise\/\" data-type=\"page\" data-id=\"212\">syst\u00e8mes embarqu\u00e9s<\/a><\/strong> et de l&rsquo;<strong><a href=\"https:\/\/www.seia-automatismes.fr\/index.php\/notre-expertise\/\" data-type=\"page\" data-id=\"212\">automatisation de process<\/a><\/strong>. Forts d&rsquo;une histoire riche et d&rsquo;un engagement envers l&rsquo;excellence, nous nous engageons <strong>depuis 1986<\/strong> \u00e0 fournir des solutions <strong><a href=\"https:\/\/www.seia-automatismes.fr\/index.php\/notre-expertise\/\" data-type=\"page\" data-id=\"212\">innovantes <\/a><\/strong>et <strong><a href=\"https:\/\/www.seia-automatismes.fr\/index.php\/notre-expertise\/\" data-type=\"page\" data-id=\"212\">fiables <\/a><\/strong>pour r\u00e9pondre aux <strong><a href=\"https:\/\/www.seia-automatismes.fr\/index.php\/notre-expertise\/\" data-type=\"page\" data-id=\"212\">besoins <\/a><\/strong>les plus <strong>exigeants <\/strong>de nos clients.<\/p>\n\n\n\n<h3 class=\"wp-block-heading\">Notre histoire<\/h3>\n\n\n\n<p>Fond\u00e9e il y a 38 ans, SEIA a d\u00e9but\u00e9 \u00e0 partir d\u2019une petite \u00e9quipe d&rsquo;experts passionn\u00e9s par la technologie de l\u2019\u00e9poque et d\u00e9termin\u00e9s \u00e0 repousser les applications possibles de l\u2019\u00e9lectronique. Au fil des ans, nous avons d\u00e9velopp\u00e9 une <strong><a data-type=\"page\" data-id=\"212\" href=\"https:\/\/www.seia-automatismes.fr\/index.php\/notre-expertise\/\">expertise solide<\/a><\/strong> dans la <strong><a data-type=\"page\" data-id=\"218\" href=\"https:\/\/www.seia-automatismes.fr\/index.php\/services-et-solutions\/\">conception <\/a><\/strong>et la <strong><a data-type=\"page\" data-id=\"218\" href=\"https:\/\/www.seia-automatismes.fr\/index.php\/services-et-solutions\/\">mise en \u0153uvre<\/a><\/strong> de <strong><a href=\"https:\/\/www.seia-automatismes.fr\/index.php\/electronique\/\">syst\u00e8mes embarqu\u00e9s<\/a><\/strong> et d&rsquo;<strong><a data-type=\"page\" data-id=\"268\" href=\"https:\/\/www.seia-automatismes.fr\/index.php\/automatisme\/\">automatismes<\/a><\/strong>, notamment dans les <strong><a data-type=\"page\" data-id=\"212\" href=\"https:\/\/www.seia-automatismes.fr\/index.php\/notre-expertise\/\">environnements hostiles<\/a><\/strong>.<\/p>\n\n\n\n<figure class=\"wp-block-image size-full\"><img loading=\"lazy\" decoding=\"async\" width=\"986\" height=\"395\" src=\"https:\/\/www.seia-automatismes.fr\/wp-content\/uploads\/2024\/04\/Seia-FriseChrono-Croped-20240320.png\" alt=\"\" class=\"wp-image-299\" srcset=\"https:\/\/www.seia-automatismes.fr\/wp-content\/uploads\/2024\/04\/Seia-FriseChrono-Croped-20240320.png 986w, https:\/\/www.seia-automatismes.fr\/wp-content\/uploads\/2024\/04\/Seia-FriseChrono-Croped-20240320-300x120.png 300w, https:\/\/www.seia-automatismes.fr\/wp-content\/uploads\/2024\/04\/Seia-FriseChrono-Croped-20240320-768x308.png 768w\" sizes=\"auto, (max-width: 986px) 100vw, 986px\" \/><\/figure>\n\n\n\n<h3 class=\"wp-block-heading\">Notre \u00e9quipe<\/h3>\n\n\n\n<p>SEIA s&rsquo;appuie sur une \u00e9quipe talentueuse de 8 collaborateurs, chacun apportant son expertise unique et son d\u00e9vouement \u00e0 chacun de vos projets. Ensemble, nous formons une \u00e9quipe dynamique et passionn\u00e9e, pr\u00eate \u00e0 relever les d\u00e9fis les plus complexes avec cr\u00e9ativit\u00e9 et innovation.<\/p>\n\n\n\n<h3 class=\"wp-block-heading\">Notre appartenance \u00e0 un <a href=\"https:\/\/www.seia-automatismes.fr\/index.php\/notre-groupe\/\" data-type=\"page\" data-id=\"216\">groupe local<\/a><\/h3>\n\n\n\n<p>Fi\u00e8re de faire partie d&rsquo;un <a href=\"https:\/\/www.seia-automatismes.fr\/index.php\/notre-groupe\/\" data-type=\"page\" data-id=\"216\">groupe implant\u00e9 localement<\/a>, SEIA est l&rsquo;une des six entreprises du groupe. Ensemble, nous repr\u00e9sentons une force unie de 55 salari\u00e9s, partageant une vision commune d&rsquo;excellence et d&rsquo;innovation. Cette appartenance \u00e0 un groupe renforce notre capacit\u00e9 \u00e0 offrir des solutions int\u00e9gr\u00e9es et \u00e0 b\u00e9n\u00e9ficier de synergies pour mieux servir nos clients.<\/p>\n\n\n\n<p>Chez SEIA, nous sommes d\u00e9termin\u00e9s \u00e0 rester \u00e0 la pointe de la technologie et \u00e0 fournir des <strong>solutions <\/strong>\u00e0 <strong>haute fiabilit\u00e9<\/strong> pour r\u00e9pondre aux <strong>besoins <\/strong>de nos clients. Nous sommes impatients de <a href=\"https:\/\/www.seia-automatismes.fr\/index.php\/contactez-nous\/\" data-type=\"page\" data-id=\"220\">collaborer avec vous<\/a> pour transformer vos id\u00e9es en r\u00e9alit\u00e9.<\/p>\n","protected":false},"excerpt":{"rendered":"<p>\u00c0 propos de nous Notre identit\u00e9 Bienvenue chez SEIA, votre partenaire de confiance dans le domaine des syst\u00e8mes embarqu\u00e9s et [&hellip;]<\/p>\n","protected":false},"author":1,"featured_media":0,"parent":0,"menu_order":0,"comment_status":"closed","ping_status":"closed","template":"","meta":{"site-sidebar-layout":"default","site-content-layout":"","ast-site-content-layout":"","site-content-style":"default","site-sidebar-style":"default","ast-global-header-display":"","ast-banner-title-visibility":"","ast-main-header-display":"","ast-hfb-above-header-display":"","ast-hfb-below-header-display":"","ast-hfb-mobile-header-display":"","site-post-title":"disabled","ast-breadcrumbs-content":"","ast-featured-img":"","footer-sml-layout":"","theme-transparent-header-meta":"","adv-header-id-meta":"","stick-header-meta":"","header-above-stick-meta":"","header-main-stick-meta":"","header-below-stick-meta":"","astra-migrate-meta-layouts":"default","ast-page-background-enabled":"default","ast-page-background-meta":{"desktop":{"background-color":"var(--ast-global-color-4)","background-image":"","background-repeat":"repeat","background-position":"center center","background-size":"auto","background-attachment":"scroll","background-type":"","background-media":"","overlay-type":"","overlay-color":"","overlay-opacity":"","overlay-gradient":""},"tablet":{"background-color":"","background-image":"","background-repeat":"repeat","background-position":"center center","background-size":"auto","background-attachment":"scroll","background-type":"","background-media":"","overlay-type":"","overlay-color":"","overlay-opacity":"","overlay-gradient":""},"mobile":{"background-color":"","background-image":"","background-repeat":"repeat","background-position":"center center","background-size":"auto","background-attachment":"scroll","background-type":"","background-media":"","overlay-type":"","overlay-color":"","overlay-opacity":"","overlay-gradient":""}},"ast-content-background-meta":{"desktop":{"background-color":"var(--ast-global-color-5)","background-image":"","background-repeat":"repeat","background-position":"center center","background-size":"auto","background-attachment":"scroll","background-type":"","background-media":"","overlay-type":"","overlay-color":"","overlay-opacity":"","overlay-gradient":""},"tablet":{"background-color":"var(--ast-global-color-5)","background-image":"","background-repeat":"repeat","background-position":"center center","background-size":"auto","background-attachment":"scroll","background-type":"","background-media":"","overlay-type":"","overlay-color":"","overlay-opacity":"","overlay-gradient":""},"mobile":{"background-color":"var(--ast-global-color-5)","background-image":"","background-repeat":"repeat","background-position":"center center","background-size":"auto","background-attachment":"scroll","background-type":"","background-media":"","overlay-type":"","overlay-color":"","overlay-opacity":"","overlay-gradient":""}},"footnotes":""},"class_list":["post-214","page","type-page","status-publish","hentry"],"yoast_head":"<!-- This site is optimized with the Yoast SEO plugin v27.5 - https:\/\/yoast.com\/product\/yoast-seo-wordpress\/ -->\n<title>Qui sommes-nous ? - SEIA automatismes<\/title>\n<meta name=\"robots\" content=\"index, follow, max-snippet:-1, max-image-preview:large, max-video-preview:-1\" \/>\n<link rel=\"canonical\" href=\"https:\/\/www.seia-automatismes.fr\/index.php\/qui-sommes-nous\/\" \/>\n<meta property=\"og:locale\" content=\"fr_FR\" \/>\n<meta property=\"og:type\" content=\"article\" \/>\n<meta property=\"og:title\" content=\"Qui sommes-nous ? - SEIA automatismes\" \/>\n<meta property=\"og:description\" content=\"\u00c0 propos de nous Notre identit\u00e9 Bienvenue chez SEIA, votre partenaire de confiance dans le domaine des syst\u00e8mes embarqu\u00e9s et [&hellip;]\" \/>\n<meta property=\"og:url\" content=\"https:\/\/www.seia-automatismes.fr\/index.php\/qui-sommes-nous\/\" \/>\n<meta property=\"og:site_name\" content=\"SEIA automatismes\" \/>\n<meta property=\"article:modified_time\" content=\"2024-06-10T15:13:59+00:00\" \/>\n<meta property=\"og:image\" content=\"https:\/\/www.seia-automatismes.fr\/wp-content\/uploads\/2024\/04\/Seia-FriseChrono-Croped-20240320.png\" \/>\n<meta name=\"twitter:card\" content=\"summary_large_image\" \/>\n<meta name=\"twitter:label1\" content=\"Dur\u00e9e de lecture estim\u00e9e\" \/>\n\t<meta name=\"twitter:data1\" content=\"2 minutes\" \/>\n<script type=\"application\/ld+json\" class=\"yoast-schema-graph\">{\"@context\":\"https:\\\/\\\/schema.org\",\"@graph\":[{\"@type\":\"WebPage\",\"@id\":\"https:\\\/\\\/www.seia-automatismes.fr\\\/index.php\\\/qui-sommes-nous\\\/\",\"url\":\"https:\\\/\\\/www.seia-automatismes.fr\\\/index.php\\\/qui-sommes-nous\\\/\",\"name\":\"Qui sommes-nous ? - SEIA automatismes\",\"isPartOf\":{\"@id\":\"https:\\\/\\\/www.seia-automatismes.fr\\\/#website\"},\"primaryImageOfPage\":{\"@id\":\"https:\\\/\\\/www.seia-automatismes.fr\\\/index.php\\\/qui-sommes-nous\\\/#primaryimage\"},\"image\":{\"@id\":\"https:\\\/\\\/www.seia-automatismes.fr\\\/index.php\\\/qui-sommes-nous\\\/#primaryimage\"},\"thumbnailUrl\":\"https:\\\/\\\/www.seia-automatismes.fr\\\/wp-content\\\/uploads\\\/2024\\\/04\\\/Seia-FriseChrono-Croped-20240320.png\",\"datePublished\":\"2024-04-23T08:30:20+00:00\",\"dateModified\":\"2024-06-10T15:13:59+00:00\",\"breadcrumb\":{\"@id\":\"https:\\\/\\\/www.seia-automatismes.fr\\\/index.php\\\/qui-sommes-nous\\\/#breadcrumb\"},\"inLanguage\":\"fr-FR\",\"potentialAction\":[{\"@type\":\"ReadAction\",\"target\":[\"https:\\\/\\\/www.seia-automatismes.fr\\\/index.php\\\/qui-sommes-nous\\\/\"]}]},{\"@type\":\"ImageObject\",\"inLanguage\":\"fr-FR\",\"@id\":\"https:\\\/\\\/www.seia-automatismes.fr\\\/index.php\\\/qui-sommes-nous\\\/#primaryimage\",\"url\":\"https:\\\/\\\/www.seia-automatismes.fr\\\/wp-content\\\/uploads\\\/2024\\\/04\\\/Seia-FriseChrono-Croped-20240320.png\",\"contentUrl\":\"https:\\\/\\\/www.seia-automatismes.fr\\\/wp-content\\\/uploads\\\/2024\\\/04\\\/Seia-FriseChrono-Croped-20240320.png\",\"width\":986,\"height\":395},{\"@type\":\"BreadcrumbList\",\"@id\":\"https:\\\/\\\/www.seia-automatismes.fr\\\/index.php\\\/qui-sommes-nous\\\/#breadcrumb\",\"itemListElement\":[{\"@type\":\"ListItem\",\"position\":1,\"name\":\"Accueil\",\"item\":\"https:\\\/\\\/www.seia-automatismes.fr\\\/\"},{\"@type\":\"ListItem\",\"position\":2,\"name\":\"Qui sommes-nous ?\"}]},{\"@type\":\"WebSite\",\"@id\":\"https:\\\/\\\/www.seia-automatismes.fr\\\/#website\",\"url\":\"https:\\\/\\\/www.seia-automatismes.fr\\\/\",\"name\":\"SEIA automatismes\",\"description\":\"Automatismes et \u00e9lectronique\",\"publisher\":{\"@id\":\"https:\\\/\\\/www.seia-automatismes.fr\\\/#organization\"},\"potentialAction\":[{\"@type\":\"SearchAction\",\"target\":{\"@type\":\"EntryPoint\",\"urlTemplate\":\"https:\\\/\\\/www.seia-automatismes.fr\\\/?s={search_term_string}\"},\"query-input\":{\"@type\":\"PropertyValueSpecification\",\"valueRequired\":true,\"valueName\":\"search_term_string\"}}],\"inLanguage\":\"fr-FR\"},{\"@type\":\"Organization\",\"@id\":\"https:\\\/\\\/www.seia-automatismes.fr\\\/#organization\",\"name\":\"SEIA automatismes\",\"url\":\"https:\\\/\\\/www.seia-automatismes.fr\\\/\",\"logo\":{\"@type\":\"ImageObject\",\"inLanguage\":\"fr-FR\",\"@id\":\"https:\\\/\\\/www.seia-automatismes.fr\\\/#\\\/schema\\\/logo\\\/image\\\/\",\"url\":\"https:\\\/\\\/www.seia-automatismes.fr\\\/wp-content\\\/uploads\\\/2024\\\/04\\\/cropped-Seia-Logo-e1713180606292.png\",\"contentUrl\":\"https:\\\/\\\/www.seia-automatismes.fr\\\/wp-content\\\/uploads\\\/2024\\\/04\\\/cropped-Seia-Logo-e1713180606292.png\",\"width\":381,\"height\":127,\"caption\":\"SEIA automatismes\"},\"image\":{\"@id\":\"https:\\\/\\\/www.seia-automatismes.fr\\\/#\\\/schema\\\/logo\\\/image\\\/\"},\"sameAs\":[\"https:\\\/\\\/www.linkedin.com\\\/company\\\/seia-automatismes\\\/\"]}]}<\/script>\n<!-- \/ Yoast SEO plugin. -->","yoast_head_json":{"title":"Qui sommes-nous ? - SEIA automatismes","robots":{"index":"index","follow":"follow","max-snippet":"max-snippet:-1","max-image-preview":"max-image-preview:large","max-video-preview":"max-video-preview:-1"},"canonical":"https:\/\/www.seia-automatismes.fr\/index.php\/qui-sommes-nous\/","og_locale":"fr_FR","og_type":"article","og_title":"Qui sommes-nous ? - SEIA automatismes","og_description":"\u00c0 propos de nous Notre identit\u00e9 Bienvenue chez SEIA, votre partenaire de confiance dans le domaine des syst\u00e8mes embarqu\u00e9s et [&hellip;]","og_url":"https:\/\/www.seia-automatismes.fr\/index.php\/qui-sommes-nous\/","og_site_name":"SEIA automatismes","article_modified_time":"2024-06-10T15:13:59+00:00","og_image":[{"url":"https:\/\/www.seia-automatismes.fr\/wp-content\/uploads\/2024\/04\/Seia-FriseChrono-Croped-20240320.png","type":"","width":"","height":""}],"twitter_card":"summary_large_image","twitter_misc":{"Dur\u00e9e de lecture estim\u00e9e":"2 minutes"},"schema":{"@context":"https:\/\/schema.org","@graph":[{"@type":"WebPage","@id":"https:\/\/www.seia-automatismes.fr\/index.php\/qui-sommes-nous\/","url":"https:\/\/www.seia-automatismes.fr\/index.php\/qui-sommes-nous\/","name":"Qui sommes-nous ? - SEIA automatismes","isPartOf":{"@id":"https:\/\/www.seia-automatismes.fr\/#website"},"primaryImageOfPage":{"@id":"https:\/\/www.seia-automatismes.fr\/index.php\/qui-sommes-nous\/#primaryimage"},"image":{"@id":"https:\/\/www.seia-automatismes.fr\/index.php\/qui-sommes-nous\/#primaryimage"},"thumbnailUrl":"https:\/\/www.seia-automatismes.fr\/wp-content\/uploads\/2024\/04\/Seia-FriseChrono-Croped-20240320.png","datePublished":"2024-04-23T08:30:20+00:00","dateModified":"2024-06-10T15:13:59+00:00","breadcrumb":{"@id":"https:\/\/www.seia-automatismes.fr\/index.php\/qui-sommes-nous\/#breadcrumb"},"inLanguage":"fr-FR","potentialAction":[{"@type":"ReadAction","target":["https:\/\/www.seia-automatismes.fr\/index.php\/qui-sommes-nous\/"]}]},{"@type":"ImageObject","inLanguage":"fr-FR","@id":"https:\/\/www.seia-automatismes.fr\/index.php\/qui-sommes-nous\/#primaryimage","url":"https:\/\/www.seia-automatismes.fr\/wp-content\/uploads\/2024\/04\/Seia-FriseChrono-Croped-20240320.png","contentUrl":"https:\/\/www.seia-automatismes.fr\/wp-content\/uploads\/2024\/04\/Seia-FriseChrono-Croped-20240320.png","width":986,"height":395},{"@type":"BreadcrumbList","@id":"https:\/\/www.seia-automatismes.fr\/index.php\/qui-sommes-nous\/#breadcrumb","itemListElement":[{"@type":"ListItem","position":1,"name":"Accueil","item":"https:\/\/www.seia-automatismes.fr\/"},{"@type":"ListItem","position":2,"name":"Qui sommes-nous ?"}]},{"@type":"WebSite","@id":"https:\/\/www.seia-automatismes.fr\/#website","url":"https:\/\/www.seia-automatismes.fr\/","name":"SEIA automatismes","description":"Automatismes et \u00e9lectronique","publisher":{"@id":"https:\/\/www.seia-automatismes.fr\/#organization"},"potentialAction":[{"@type":"SearchAction","target":{"@type":"EntryPoint","urlTemplate":"https:\/\/www.seia-automatismes.fr\/?s={search_term_string}"},"query-input":{"@type":"PropertyValueSpecification","valueRequired":true,"valueName":"search_term_string"}}],"inLanguage":"fr-FR"},{"@type":"Organization","@id":"https:\/\/www.seia-automatismes.fr\/#organization","name":"SEIA automatismes","url":"https:\/\/www.seia-automatismes.fr\/","logo":{"@type":"ImageObject","inLanguage":"fr-FR","@id":"https:\/\/www.seia-automatismes.fr\/#\/schema\/logo\/image\/","url":"https:\/\/www.seia-automatismes.fr\/wp-content\/uploads\/2024\/04\/cropped-Seia-Logo-e1713180606292.png","contentUrl":"https:\/\/www.seia-automatismes.fr\/wp-content\/uploads\/2024\/04\/cropped-Seia-Logo-e1713180606292.png","width":381,"height":127,"caption":"SEIA automatismes"},"image":{"@id":"https:\/\/www.seia-automatismes.fr\/#\/schema\/logo\/image\/"},"sameAs":["https:\/\/www.linkedin.com\/company\/seia-automatismes\/"]}]}},"jetpack_sharing_enabled":true,"_links":{"self":[{"href":"https:\/\/www.seia-automatismes.fr\/index.php\/wp-json\/wp\/v2\/pages\/214","targetHints":{"allow":["GET"]}}],"collection":[{"href":"https:\/\/www.seia-automatismes.fr\/index.php\/wp-json\/wp\/v2\/pages"}],"about":[{"href":"https:\/\/www.seia-automatismes.fr\/index.php\/wp-json\/wp\/v2\/types\/page"}],"author":[{"embeddable":true,"href":"https:\/\/www.seia-automatismes.fr\/index.php\/wp-json\/wp\/v2\/users\/1"}],"replies":[{"embeddable":true,"href":"https:\/\/www.seia-automatismes.fr\/index.php\/wp-json\/wp\/v2\/comments?post=214"}],"version-history":[{"count":8,"href":"https:\/\/www.seia-automatismes.fr\/index.php\/wp-json\/wp\/v2\/pages\/214\/revisions"}],"predecessor-version":[{"id":383,"href":"https:\/\/www.seia-automatismes.fr\/index.php\/wp-json\/wp\/v2\/pages\/214\/revisions\/383"}],"wp:attachment":[{"href":"https:\/\/www.seia-automatismes.fr\/index.php\/wp-json\/wp\/v2\/media?parent=214"}],"curies":[{"name":"wp","href":"https:\/\/api.w.org\/{rel}","templated":true}]}}