{"id":201,"date":"2024-04-22T17:57:06","date_gmt":"2024-04-22T15:57:06","guid":{"rendered":"https:\/\/www.seia-automatismes.fr\/?page_id=201"},"modified":"2024-04-22T17:57:06","modified_gmt":"2024-04-22T15:57:06","slug":"mentions-sur-les-cookies","status":"publish","type":"page","link":"https:\/\/www.seia-automatismes.fr\/index.php\/mentions-sur-les-cookies\/","title":{"rendered":"Mentions sur les cookies"},"content":{"rendered":"\n<p><strong>1. D\u00e9finition&nbsp;:<\/strong><\/p>\n\n\n\n<p>Un cookie est une information d\u00e9pos\u00e9e sur votre terminal par le serveur du site internet que vous visitez, le plus souvent sous forme d&rsquo;un simple fichier texte. Il ne s&rsquo;agit en aucun cas d&rsquo;un fichier espion ou malveillant. Le cookie a pour but de collecter des informations relatives \u00e0 votre navigation et\/ou d\u2019adresser des contenus et services adapt\u00e9s \u00e0 vos centres d\u2019int\u00e9r\u00eats. Il contient plusieurs donn\u00e9es&nbsp;:<\/p>\n\n\n\n<p>&#8211; le nom du serveur l&rsquo;ayant d\u00e9pos\u00e9&nbsp;;<br>&#8211; un identifiant unique&nbsp;;<br>&#8211; une \u00e9ventuelle date d&rsquo;expiration.<\/p>\n\n\n\n<p><strong>2. Cookies pr\u00e9sents&nbsp;:<\/strong><\/p>\n\n\n\n<p>Deux types de cookies sont pr\u00e9sents sur notre site internet.<\/p>\n\n\n\n<p>Cookies de mesure d\u2019audience&nbsp;: ils sont utilis\u00e9s pour \u00e9tablir des statistiques de visite sur notre site internet via une plateforme d&rsquo;audit de site.<\/p>\n\n\n\n<p>Cookies d\u2019identification&nbsp;: ils sont utilis\u00e9s pour la connexion \u00e0 votre espace priv\u00e9, si vous en poss\u00e9dez un sur notre site internet, et sont indispensables au bon fonctionnement de cette zone s\u00e9curis\u00e9e.<\/p>\n\n\n\n<p><strong>3. Gestion des cookies&nbsp;:<\/strong><\/p>\n\n\n\n<p>Vous pouvez modifier vos choix concernant le d\u00e9p\u00f4t de cookies par notre site internet, en intervenant sur le param\u00e9trage de votre navigateur internet.<\/p>\n\n\n\n<p>Consentement pr\u00e9alable au d\u00e9p\u00f4t de cookies&nbsp;:<\/p>\n\n\n\n<p>Il est consid\u00e9r\u00e9 que vous avez donn\u00e9 votre accord au d\u00e9p\u00f4t de cookies par notre site internet si&nbsp;:<\/p>\n\n\n\n<p>&#8211; vous avez cliqu\u00e9 sur le bouton OK du bandeau d&rsquo;information stipulant l&rsquo;utilisation de cookies&nbsp;;<\/p>\n\n\n\n<p>&#8211; vous avez continu\u00e9 votre navigation sur la page par laquelle vous avez acc\u00e9d\u00e9 \u00e0 notre site lors de votre premi\u00e8re visite ou en vous rendant sur toute autre page&nbsp;;<\/p>\n\n\n\n<p>Votre accord est valable pour une dur\u00e9e l\u00e9gale de treize mois \u00e0 compter du premier consentement. Il vous sera \u00e0 nouveau demand\u00e9 lorsque le d\u00e9lai l\u00e9gal sera d\u00e9pass\u00e9.<\/p>\n\n\n\n<p><strong>4. Refus des cookies&nbsp;:<\/strong><\/p>\n\n\n\n<p>Le refus de d\u00e9p\u00f4t des cookies sur votre terminal entra\u00eenera l\u2019impossibilit\u00e9 de b\u00e9n\u00e9ficier du fonctionnement correct de nos services.<\/p>\n\n\n\n<p>Param\u00e9trage de votre navigateur pour la gestion des cookies&nbsp;:<\/p>\n\n\n\n<p>En fonction du navigateur internet que vous utilisez, les param\u00e9trages sont diff\u00e9rents. Vous trouverez ci-dessous des tutoriels d\u00e9taill\u00e9s pour les navigateurs les plus fr\u00e9quemment utilis\u00e9s&nbsp;:<\/p>\n\n\n\n<p>&#8211; Internet Explorer\u2122&nbsp;:&nbsp;<a href=\"http:\/\/windows.microsoft.com\/fr-FR\/windows-vista\/Block-or-allow-cookies\">http:\/\/windows.microsoft.com\/fr-FR\/windows-vista\/Block-or-allow-cookies<\/a><br>&#8211; Safari\u2122&nbsp;:&nbsp;<a href=\"https:\/\/support.apple.com\/kb\/PH17191?locale=fr_FR&amp;viewlocale=fr_FR\">https:\/\/support.apple.com\/kb\/PH17191?locale=fr_FR&amp;viewlocale=fr_FR<\/a><br>&#8211; Chrome\u2122&nbsp;:&nbsp;<a href=\"http:\/\/support.google.com\/chrome\/bin\/answer.py?hl=fr&amp;hlrm=en&amp;answer=95647\">http:\/\/support.google.com\/chrome\/bin\/answer.py?hl=fr&amp;hlrm=en&amp;answer=95647<\/a><br>&#8211; Firefox\u2122&nbsp;:&nbsp;<a href=\"https:\/\/support.mozilla.org\/fr\/kb\/activer-desactiver-cookies\">https:\/\/support.mozilla.org\/fr\/kb\/activer-desactiver-cookies<\/a><br>&#8211; Opera\u2122&nbsp;:&nbsp;<a href=\"http:\/\/help.opera.com\/Windows\/10.20\/fr\/cookies.html\">http:\/\/help.opera.com\/Windows\/10.20\/fr\/cookies.html<\/a><\/p>\n\n\n\n<p>Nous ne pouvons vous garantir que les liens ci-dessus restent toujours valables, les \u00e9diteurs \u00e9tant parfois amen\u00e9s \u00e0 h\u00e9berger leurs aides sur d&rsquo;autres pages que celles-ci sans pr\u00e9avis.<\/p>\n","protected":false},"excerpt":{"rendered":"<p>1. D\u00e9finition&nbsp;: Un cookie est une information d\u00e9pos\u00e9e sur votre terminal par le serveur du site internet que vous visitez, [&hellip;]<\/p>\n","protected":false},"author":1,"featured_media":0,"parent":0,"menu_order":0,"comment_status":"closed","ping_status":"closed","template":"","meta":{"site-sidebar-layout":"default","site-content-layout":"","ast-site-content-layout":"","site-content-style":"default","site-sidebar-style":"default","ast-global-header-display":"","ast-banner-title-visibility":"","ast-main-header-display":"","ast-hfb-above-header-display":"","ast-hfb-below-header-display":"","ast-hfb-mobile-header-display":"","site-post-title":"","ast-breadcrumbs-content":"","ast-featured-img":"","footer-sml-layout":"","theme-transparent-header-meta":"","adv-header-id-meta":"","stick-header-meta":"","header-above-stick-meta":"","header-main-stick-meta":"","header-below-stick-meta":"","astra-migrate-meta-layouts":"default","ast-page-background-enabled":"default","ast-page-background-meta":{"desktop":{"background-color":"var(--ast-global-color-4)","background-image":"","background-repeat":"repeat","background-position":"center center","background-size":"auto","background-attachment":"scroll","background-type":"","background-media":"","overlay-type":"","overlay-color":"","overlay-opacity":"","overlay-gradient":""},"tablet":{"background-color":"","background-image":"","background-repeat":"repeat","background-position":"center center","background-size":"auto","background-attachment":"scroll","background-type":"","background-media":"","overlay-type":"","overlay-color":"","overlay-opacity":"","overlay-gradient":""},"mobile":{"background-color":"","background-image":"","background-repeat":"repeat","background-position":"center center","background-size":"auto","background-attachment":"scroll","background-type":"","background-media":"","overlay-type":"","overlay-color":"","overlay-opacity":"","overlay-gradient":""}},"ast-content-background-meta":{"desktop":{"background-color":"var(--ast-global-color-5)","background-image":"","background-repeat":"repeat","background-position":"center center","background-size":"auto","background-attachment":"scroll","background-type":"","background-media":"","overlay-type":"","overlay-color":"","overlay-opacity":"","overlay-gradient":""},"tablet":{"background-color":"var(--ast-global-color-5)","background-image":"","background-repeat":"repeat","background-position":"center center","background-size":"auto","background-attachment":"scroll","background-type":"","background-media":"","overlay-type":"","overlay-color":"","overlay-opacity":"","overlay-gradient":""},"mobile":{"background-color":"var(--ast-global-color-5)","background-image":"","background-repeat":"repeat","background-position":"center center","background-size":"auto","background-attachment":"scroll","background-type":"","background-media":"","overlay-type":"","overlay-color":"","overlay-opacity":"","overlay-gradient":""}},"footnotes":""},"class_list":["post-201","page","type-page","status-publish","hentry"],"yoast_head":"<!-- This site is optimized with the Yoast SEO plugin v27.5 - https:\/\/yoast.com\/product\/yoast-seo-wordpress\/ -->\n<title>Mentions sur les cookies - SEIA automatismes<\/title>\n<meta name=\"robots\" content=\"index, follow, max-snippet:-1, max-image-preview:large, max-video-preview:-1\" \/>\n<link rel=\"canonical\" href=\"https:\/\/www.seia-automatismes.fr\/index.php\/mentions-sur-les-cookies\/\" \/>\n<meta property=\"og:locale\" content=\"fr_FR\" \/>\n<meta property=\"og:type\" content=\"article\" \/>\n<meta property=\"og:title\" content=\"Mentions sur les cookies - SEIA automatismes\" \/>\n<meta property=\"og:description\" content=\"1. D\u00e9finition&nbsp;: Un cookie est une information d\u00e9pos\u00e9e sur votre terminal par le serveur du site internet que vous visitez, [&hellip;]\" \/>\n<meta property=\"og:url\" content=\"https:\/\/www.seia-automatismes.fr\/index.php\/mentions-sur-les-cookies\/\" \/>\n<meta property=\"og:site_name\" content=\"SEIA automatismes\" \/>\n<meta name=\"twitter:card\" content=\"summary_large_image\" \/>\n<meta name=\"twitter:label1\" content=\"Dur\u00e9e de lecture estim\u00e9e\" \/>\n\t<meta name=\"twitter:data1\" content=\"2 minutes\" \/>\n<script type=\"application\/ld+json\" class=\"yoast-schema-graph\">{\"@context\":\"https:\\\/\\\/schema.org\",\"@graph\":[{\"@type\":\"WebPage\",\"@id\":\"https:\\\/\\\/www.seia-automatismes.fr\\\/index.php\\\/mentions-sur-les-cookies\\\/\",\"url\":\"https:\\\/\\\/www.seia-automatismes.fr\\\/index.php\\\/mentions-sur-les-cookies\\\/\",\"name\":\"Mentions sur les cookies - SEIA automatismes\",\"isPartOf\":{\"@id\":\"https:\\\/\\\/www.seia-automatismes.fr\\\/#website\"},\"datePublished\":\"2024-04-22T15:57:06+00:00\",\"breadcrumb\":{\"@id\":\"https:\\\/\\\/www.seia-automatismes.fr\\\/index.php\\\/mentions-sur-les-cookies\\\/#breadcrumb\"},\"inLanguage\":\"fr-FR\",\"potentialAction\":[{\"@type\":\"ReadAction\",\"target\":[\"https:\\\/\\\/www.seia-automatismes.fr\\\/index.php\\\/mentions-sur-les-cookies\\\/\"]}]},{\"@type\":\"BreadcrumbList\",\"@id\":\"https:\\\/\\\/www.seia-automatismes.fr\\\/index.php\\\/mentions-sur-les-cookies\\\/#breadcrumb\",\"itemListElement\":[{\"@type\":\"ListItem\",\"position\":1,\"name\":\"Accueil\",\"item\":\"https:\\\/\\\/www.seia-automatismes.fr\\\/\"},{\"@type\":\"ListItem\",\"position\":2,\"name\":\"Mentions sur les cookies\"}]},{\"@type\":\"WebSite\",\"@id\":\"https:\\\/\\\/www.seia-automatismes.fr\\\/#website\",\"url\":\"https:\\\/\\\/www.seia-automatismes.fr\\\/\",\"name\":\"SEIA automatismes\",\"description\":\"Automatismes et \u00e9lectronique\",\"publisher\":{\"@id\":\"https:\\\/\\\/www.seia-automatismes.fr\\\/#organization\"},\"potentialAction\":[{\"@type\":\"SearchAction\",\"target\":{\"@type\":\"EntryPoint\",\"urlTemplate\":\"https:\\\/\\\/www.seia-automatismes.fr\\\/?s={search_term_string}\"},\"query-input\":{\"@type\":\"PropertyValueSpecification\",\"valueRequired\":true,\"valueName\":\"search_term_string\"}}],\"inLanguage\":\"fr-FR\"},{\"@type\":\"Organization\",\"@id\":\"https:\\\/\\\/www.seia-automatismes.fr\\\/#organization\",\"name\":\"SEIA automatismes\",\"url\":\"https:\\\/\\\/www.seia-automatismes.fr\\\/\",\"logo\":{\"@type\":\"ImageObject\",\"inLanguage\":\"fr-FR\",\"@id\":\"https:\\\/\\\/www.seia-automatismes.fr\\\/#\\\/schema\\\/logo\\\/image\\\/\",\"url\":\"https:\\\/\\\/www.seia-automatismes.fr\\\/wp-content\\\/uploads\\\/2024\\\/04\\\/cropped-Seia-Logo-e1713180606292.png\",\"contentUrl\":\"https:\\\/\\\/www.seia-automatismes.fr\\\/wp-content\\\/uploads\\\/2024\\\/04\\\/cropped-Seia-Logo-e1713180606292.png\",\"width\":381,\"height\":127,\"caption\":\"SEIA automatismes\"},\"image\":{\"@id\":\"https:\\\/\\\/www.seia-automatismes.fr\\\/#\\\/schema\\\/logo\\\/image\\\/\"},\"sameAs\":[\"https:\\\/\\\/www.linkedin.com\\\/company\\\/seia-automatismes\\\/\"]}]}<\/script>\n<!-- \/ Yoast SEO plugin. -->","yoast_head_json":{"title":"Mentions sur les cookies - SEIA automatismes","robots":{"index":"index","follow":"follow","max-snippet":"max-snippet:-1","max-image-preview":"max-image-preview:large","max-video-preview":"max-video-preview:-1"},"canonical":"https:\/\/www.seia-automatismes.fr\/index.php\/mentions-sur-les-cookies\/","og_locale":"fr_FR","og_type":"article","og_title":"Mentions sur les cookies - SEIA automatismes","og_description":"1. D\u00e9finition&nbsp;: Un cookie est une information d\u00e9pos\u00e9e sur votre terminal par le serveur du site internet que vous visitez, [&hellip;]","og_url":"https:\/\/www.seia-automatismes.fr\/index.php\/mentions-sur-les-cookies\/","og_site_name":"SEIA automatismes","twitter_card":"summary_large_image","twitter_misc":{"Dur\u00e9e de lecture estim\u00e9e":"2 minutes"},"schema":{"@context":"https:\/\/schema.org","@graph":[{"@type":"WebPage","@id":"https:\/\/www.seia-automatismes.fr\/index.php\/mentions-sur-les-cookies\/","url":"https:\/\/www.seia-automatismes.fr\/index.php\/mentions-sur-les-cookies\/","name":"Mentions sur les cookies - SEIA automatismes","isPartOf":{"@id":"https:\/\/www.seia-automatismes.fr\/#website"},"datePublished":"2024-04-22T15:57:06+00:00","breadcrumb":{"@id":"https:\/\/www.seia-automatismes.fr\/index.php\/mentions-sur-les-cookies\/#breadcrumb"},"inLanguage":"fr-FR","potentialAction":[{"@type":"ReadAction","target":["https:\/\/www.seia-automatismes.fr\/index.php\/mentions-sur-les-cookies\/"]}]},{"@type":"BreadcrumbList","@id":"https:\/\/www.seia-automatismes.fr\/index.php\/mentions-sur-les-cookies\/#breadcrumb","itemListElement":[{"@type":"ListItem","position":1,"name":"Accueil","item":"https:\/\/www.seia-automatismes.fr\/"},{"@type":"ListItem","position":2,"name":"Mentions sur les cookies"}]},{"@type":"WebSite","@id":"https:\/\/www.seia-automatismes.fr\/#website","url":"https:\/\/www.seia-automatismes.fr\/","name":"SEIA automatismes","description":"Automatismes et \u00e9lectronique","publisher":{"@id":"https:\/\/www.seia-automatismes.fr\/#organization"},"potentialAction":[{"@type":"SearchAction","target":{"@type":"EntryPoint","urlTemplate":"https:\/\/www.seia-automatismes.fr\/?s={search_term_string}"},"query-input":{"@type":"PropertyValueSpecification","valueRequired":true,"valueName":"search_term_string"}}],"inLanguage":"fr-FR"},{"@type":"Organization","@id":"https:\/\/www.seia-automatismes.fr\/#organization","name":"SEIA automatismes","url":"https:\/\/www.seia-automatismes.fr\/","logo":{"@type":"ImageObject","inLanguage":"fr-FR","@id":"https:\/\/www.seia-automatismes.fr\/#\/schema\/logo\/image\/","url":"https:\/\/www.seia-automatismes.fr\/wp-content\/uploads\/2024\/04\/cropped-Seia-Logo-e1713180606292.png","contentUrl":"https:\/\/www.seia-automatismes.fr\/wp-content\/uploads\/2024\/04\/cropped-Seia-Logo-e1713180606292.png","width":381,"height":127,"caption":"SEIA automatismes"},"image":{"@id":"https:\/\/www.seia-automatismes.fr\/#\/schema\/logo\/image\/"},"sameAs":["https:\/\/www.linkedin.com\/company\/seia-automatismes\/"]}]}},"jetpack_sharing_enabled":true,"_links":{"self":[{"href":"https:\/\/www.seia-automatismes.fr\/index.php\/wp-json\/wp\/v2\/pages\/201","targetHints":{"allow":["GET"]}}],"collection":[{"href":"https:\/\/www.seia-automatismes.fr\/index.php\/wp-json\/wp\/v2\/pages"}],"about":[{"href":"https:\/\/www.seia-automatismes.fr\/index.php\/wp-json\/wp\/v2\/types\/page"}],"author":[{"embeddable":true,"href":"https:\/\/www.seia-automatismes.fr\/index.php\/wp-json\/wp\/v2\/users\/1"}],"replies":[{"embeddable":true,"href":"https:\/\/www.seia-automatismes.fr\/index.php\/wp-json\/wp\/v2\/comments?post=201"}],"version-history":[{"count":2,"href":"https:\/\/www.seia-automatismes.fr\/index.php\/wp-json\/wp\/v2\/pages\/201\/revisions"}],"predecessor-version":[{"id":249,"href":"https:\/\/www.seia-automatismes.fr\/index.php\/wp-json\/wp\/v2\/pages\/201\/revisions\/249"}],"wp:attachment":[{"href":"https:\/\/www.seia-automatismes.fr\/index.php\/wp-json\/wp\/v2\/media?parent=201"}],"curies":[{"name":"wp","href":"https:\/\/api.w.org\/{rel}","templated":true}]}}